igit of q/21 + m/(-3)?
2
Let s(n) = 354*n**3 - 16*n**2 - 24*n - 139. What is the tens digit of s(6)?
0
Let t = -12 - -12. Suppose 4*z + 307 = 1875. Suppose t*p - 4*p + z = 0. What is the tens digit of p?
9
Let m be 6/(-33) - -606*(-4)/(-22). Let q(r) = -r**2 - 9*r + 8. Let f be q(-11). What is the tens digit of f/5*m/(-4)?
7
Let h(c) = -c**2 - 17*c - 30. Let r be h(-12). Suppose -r*s - 3330 = -40*s. What is the tens digit of s?
3
Suppose -5*x = -2*s - 525 + 1929, s = 5*x + 1402. Let n = -227 - x. What is the tens digit of n?
5
Let r(b) = -210*b - 24. Let y be r(-9). Suppose y + 1559 = 25*w. What is the tens digit of w?
3
Let m = 249 - 245. Suppose -4*k + v + 5345 = 0, m*k - 4*v - 6187 = -851. What is the units digit of k?
7
Suppose -d = l - 3997, 0 = 2*l - 12*d + 11*d - 7994. Suppose -4*g - 6*p + 3972 = -10*p, p = -4*g + l. What is the hundreds digit of g?
9
Suppose 0 = -4*k - 3*q + 1617, -2*k + 2*q + 2004 = 3*k. Suppose 1170 = 5*j - p, 3*j - 3*p - 300 = k. What is the units digit of j?
4
Let i(p) = p + 12. Let g be i(-2). Let l(d) be the second derivative of 3*d**3/2 - 16*d**2 + 8*d. What is the tens digit of l(g)?
5
Suppose 7*d + 31 = 2*q + 2*d, -5*q = -5*d - 70. Suppose -r = -q*r - 17472. What is the units digit of (-4)/(-6) + -1 + r/(-21)?
9
What is the tens digit of -1 - (-27)/21 - 662640/(-77)?
0
Suppose -5*f = 4*s + 2, 0 = -183*f + 184*f + 6. Suppose -3*o + 1 + 2 = 0, -5*v - 3*o + 728 = 0. Suppose -2*k = -s*k + v. What is the units digit of k?
9
Let n = -39 + 35. Let r be (9 - 4/n)*-1. Let l(g) = 2*g**2 + 10*g + 28. What is the hundreds digit of l(r)?
1
Let z = -12 + 15. Let d(k) = k**3 - 2*k**2 + k - 7. Let l be d(z). Suppose -l*p = -59 - 426. What is the units digit of p?
7
Suppose -4*b = 2*u + 224518, -5*b + 44945 = 5*u + 325600. What is the tens digit of b/(-36) - (-11)/(-99)?
5
Let c = 329 - 323. Suppose -905 = -2*g - w, c*g - 8*g = -3*w - 909. What is the units digit of g?
3
Let p be (-2)/(3 + -2)*(-887)/(-2). Let c = p - -1556. What is the units digit of c?
9
Let p = 32586 - 11068. Suppose -35*y = -88*y + p. What is the units digit of y?
6
Let k(h) = 537*h**2 + 17*h - 4. What is the thousands digit of k(6)?
9
Let a(b) be the third derivative of 5*b**2 - 3/8*b**4 + 0*b + 0 - 7/3*b**3. What is the units digit of a(-6)?
0
Let s = -314 - -351. What is the hundreds digit of (s*7)/((-3)/(-9))?
7
Suppose 0 = -8*o + 18*o - 40. What is the hundreds digit of 42/((-258)/66 + o)?
4
Suppose 2*c + 2 = 0, -3*d = -8*d - c - 66. Let z = 310 - d. What is the tens digit of z?
2
Suppose 5*c - c = 88. Let t = 24 - c. Suppose t*p - 96 = -n - 13, 0 = 5*p. What is the tens digit of n?
8
Suppose -3 + 138 = 27*g. Suppose g*o = -q + 409, 2*q + 4*o - 7*o = 870. What is the tens digit of q?
2
Let o = -548 - -915. Suppose 0 = 4*l - 177 - o. What is the tens digit of l?
3
Suppose t + 5*w - 470 = 0, -2*t + 0*w = -w - 885. Let o = t - 208. What is the units digit of o?
7
Let y(s) = s**2 + 172*s + 2302. What is the tens digit of y(127)?
7
Let g = 20199 - 16559. What is the hundreds digit of g?
6
What is the tens digit of ((-6171)/44 + 3)/((-3)/168)?
8
Suppose 0 = -116*k - 794083 + 10018867. What is the ten thousands digit of k?
7
Let s = -473 - -475. Suppose s*g - 113 = 5*p, p + 0*p = 3*g - 176. What is the units digit of g?
9
Let h(p) = 823*p**2 - 25*p - 48. What is the thousands digit of h(-4)?
3
Suppose -61*w - 5*o = -65*w + 41609, 3*w - o = 31204. What is the thousands digit of w?
0
Let l = 155 + -275. Let w = l + 383. Let z = w + -167. What is the units digit of z?
6
What is the thousands digit of (-1071)/(-612) + (-286410)/(-8)?
5
Let b(u) = u**3 - 3*u**2 + 9*u - 15. Let w be b(3). Let p = -9 + 4. Let d = w + p. What is the units digit of d?
7
Suppose 141 - 130 = 11*q. What is the units digit of (3/q)/((-23)/(-6463))?
3
Suppose 9*l - 829 + 73 = 0. Suppose 0*m = -3*m + a - l, -3*a = -m - 36. Let s = 40 + m. What is the units digit of s?
3
Suppose -465770 = -363*u + 316*u. What is the thousands digit of u?
9
Let b(r) = -3*r**3 - 3*r**2 + r + 1. Let h be b(1). Let o(m) = 42*m**3 - 3*m - 43*m**3 - m**2 + 0*m + 1. What is the units digit of o(h)?
1
Suppose -h + 7 = 5, 0 = -5*v - 2*h + 68899. What is the ten thousands digit of v?
1
Let p(q) = q**3 - 13*q**2 - 15*q + 10. Let g be p(14). What is the tens digit of ((-38)/g + -5)/(9/24)?
1
Let p = -392 + 374. What is the hundreds digit of (-4)/p - 21024/(-162)?
1
What is the units digit of (-363554)/(-20) + (-45)/(-150)?
8
Let q be 4/3*(-1029)/98. Let p(h) = -4*h**2 + 3*h**2 - 8 - 5*h - 11*h. What is the units digit of p(q)?
0
Let g(j) = 10015*j**2 + 9*j - 6. What is the thousands digit of g(1)?
0
Suppose -3*g = -4*p - p + 5412, -2*p - g + 2156 = 0. Suppose -14*u + 23*u = p. Suppose 0 = 3*m - 3*i - u, -3*i + 83 = 2*m - 4*i. What is the tens digit of m?
4
Let y = 30778 - 28268. What is the tens digit of y?
1
Let v(w) = 5*w - 45. Let i be v(9). Suppose 0*h = -h + 5*d + 341, -h - 5*d + 381 = i. What is the hundreds digit of h?
3
Let a = -2745 + 11156. What is the tens digit of a?
1
Suppose 15 - 3 = 4*w. Suppose w*p + 11 - 26 = 0. Suppose 94 = p*l - 136. What is the tens digit of l?
4
Let d(x) = -3*x**3 + 8*x**2 + x - 261. What is the thousands digit of d(-11)?
4
Suppose 112*n - 104*n - 38875 = 39197. What is the tens digit of n?
5
Let u be 23*(-138)/14 - (-4)/(-14). Let g = u + 410. What is the units digit of g?
3
Suppose j = -3*x + 2*x, 0 = j + 3. Suppose 126*w - 9 = 123*w. Suppose 193 = x*u - 5*s, -w = -3*s + 9. What is the units digit of u?
1
Suppose 36*w - 432066 - 443922 = 0. What is the thousands digit of w?
4
Let q be (-6)/4*4 + 10. Suppose q*p - i = 399 + 184, 4*i = -p + 133. What is the units digit of p?
5
Let s be (-2)/12*3*(-4446 - 2). Suppose -9*g + g = -s. Suppose -2*a + g = -3*z, -5*a + 10*a = -3*z + 716. What is the hundreds digit of a?
1
Let h = 28 + -25. Suppose -6*v + 3*v + 1370 = 5*m, 2*v - 914 = -h*m. Let p = -184 + v. What is the hundreds digit of p?
2
Suppose o + 107 = 5*g, 3*o + 16 = g - 11. Let f = g + -12. Suppose -f = -2*i + 17. What is the tens digit of i?
1
Let q = -23 + 25. Suppose -3*g = q*g - k - 763, -3*g = -k - 457. Suppose 0 = 33*t - 30*t - g. What is the units digit of t?
1
Suppose -2*x - 75120 = -4*c, 478*c - 481*c - 4*x + 56362 = 0. What is the ten thousands digit of c?
1
Let j = 379 - 340. What is the units digit of 21944/j*(-12)/(-8)?
4
Suppose -796 = -5*m + m. Suppose 2*u + 7*y = 4*y + m, -5*u + 489 = -y. What is the units digit of u?
8
Let v be (-1)/(-6 + 5270/878). Let p = 495 + v. What is the units digit of p?
6
Suppose -3003*x + 138870 = -2997*x. What is the hundreds digit of x?
1
Suppose o - n = 5*o - 8, -4*o - 5*n = 8. Suppose -1 = 2*w + o, 5*y - 1360 = 5*w. What is the tens digit of y?
7
Let i be 0/2 + (7 - 3). Suppose 3*h = -i*q + 15, -5*h - q = -4*q - 54. Suppose h*a = 13*a - 48. What is the tens digit of a?
1
Let v(s) be the first derivative of -6*s**4 + s**2/2 + 2*s - 26. Let u be v(-1). What is the hundreds digit of 5/u*5 + 118?
1
Suppose 2*q + 30 = 8*q. Suppose 0 = -q*x + 242 + 753. What is the hundreds digit of x?
1
Let h = 22726 + -10326. What is the units digit of h?
0
Let a(h) = -4924*h + 235. What is the hundreds digit of a(-1)?
1
Let g be (1/1)/((-2)/6). Let r(p) = -p**2 - 3*p + 303. Let n be r(15). What is the units digit of n/22*(-100)/g?
0
Let y(v) = -7*v + 94. Let i be y(13). Suppose 0 = 2*k + 4*m - 1038, -k + 3*m + 2021 = i*k. What is the units digit of k?
9
Suppose z - 2 = -3*d - 0*d, 4*d = 5*z + 28. Suppose -3*l = -5*g + 3302, 562 = 4*g - d*l - 2078. What is the tens digit of g?
5
Let o = -50 - -54. Suppose -3*f - 4 = 2*l, -4*f - o - 13 = 5*l. Suppose 3*d = 3*k - 210, -3*k - 2*d - f*d = -182. What is the units digit of k?
6
What is the thousands digit of (-3237949)/(-77) - (-24)/(-84)?
2
Let f be (-30)/(-195) - 126/(-26). Suppose 6*y = -f*c + 2*y + 2355, -2*c = 3*y - 949. What is the hundreds digit of c?
4
Suppose 4*z - 15080 = -12*i + 5*i, z = 4*i - 8604. What is the units digit of i?
2
Suppose f - 4*u - 14719 = 0, 14743 = f + 107*u - 103*u. What is the units digit of f?
1
What is the thousands digit of (-5 + (-315)/(-9))/(-2) - -7 - -3790?
3
Let f(d) = 138*d**2 + 23*d - 28. What is the thousands digit of f(-14)?
6
Suppose -j + 86246 = h, 18*j - 19*